mon factor of 36 and y.
18
Let l(o) = -o**3 - 47*o**2 + 3*o + 145. Let y be l(-47). Suppose -5*b - y*q = -10*b + 772, -3*q = -b + 150. What is the highest common factor of 12 and b?
12
Let b = 311 + -315. Let k be (5/3)/(b/(-108)). What is the greatest common factor of k and 90?
45
Suppose 31 = -6*u - 101. Let d(m) = m**3 + 22*m**2 + 2*m + 40. Let a be d(u). Let y be (a/(-5))/(2/65). Calculate the highest common factor of y and 182.
26
Let p(h) = 10*h**2 + 12*h - 16. Let f be p(4). What is the highest common factor of f and 112?
16
Let y(j) = -155*j + 3019. Let o be y(-68). What is the greatest common factor of 39 and o?
13
Let y(c) = 57*c - 1350. Let t be y(26). Calculate the highest common factor of t and 1485.
33
Let u = -7291 - -11801. What is the highest common factor of 10 and u?
10
Let g = 30 + -19. Suppose -5*k - 3*o + 15 = 0, 4*k - 3*o = 2*o + 12. Suppose p - g = -k. Calculate the highest common divisor of 88 and p.
8
Let k = 58 + -56. Suppose k*u + 22 = -18. Let p be -3*u/(-6)*(-4)/8. What is the greatest common factor of p and 65?
5
Suppose 98*c = 48*c - 21129 + 64629. What is the greatest common divisor of c and 120?
30
Let w be (-45)/18 - 1660/8. Let c = w + 254. Let r be (24/(-15))/((-4)/10). Calculate the highest common divisor of c and r.
4
Let q = -3909 - -4356. What is the highest common factor of q and 18?
3
Let w(x) = -x**3 + 3*x - 2*x + 11 - 4*x**3 + 4*x**3. Let p(f) = f**2 - 6*f. Let g be p(6). Let h be w(g). What is the highest common divisor of 88 and h?
11
Suppose h + 32 = 4*y, 16 = 6*y - 4*y - 5*h. Let q(v) = -4*v - 23. Let t be q(-10). Suppose -2*f + 113 - t = 0. What is the highest common divisor of y and f?
8
Let m be 5*(8 + (-4590)/575) - 5610/(-23). What is the highest common divisor of m and 1159?
61
Let b = -152 - -126. Let k be -246*(b/4 - -6). Suppose -175 = -5*a + 235. What is the greatest common divisor of a and k?
41
Let x(i) = 33*i**2 + 11*i - 10. Let w be x(1). Let k = -245 + 364. Calculate the greatest common divisor of k and w.
17
Let q = 1679 + -1612. Calculate the highest common divisor of 10921 and q.
67
Let m be 11 - -18 - -2 - 12. Suppose 3*x + 2*s + 2*s = -10, 0 = -5*s - 20. Suppose -n + 513 = x*n. What is the greatest common divisor of m and n?
19
Let h = 77403 + -77353. Let l be (-8 - (0 + 2))*-11. What is the greatest common divisor of l and h?
10
Suppose 2*d - x = 68, 0*d - d = 5*x - 23. Let w = -79 - -76. Let f = w - -69. What is the greatest common factor of f and d?
33
Suppose -57*z = 56*z + 9*z - 4270. Let o be (-20)/(-3)*(-168)/(-8). Calculate the highest common divisor of o and z.
35
Suppose -11*v + 13*v = 4. Suppose v*i + 6 = 2*r - 2, -3*r - i = -8. Suppose r*m = m + f + 248, -3*m - f = -372. What is the greatest common factor of m and 31?
31
Let y(d) = 12*d**2. Let x be y(-6). Suppose b + 5*m - 28 = 0, 10 = -b - 2*m + 50. Calculate the highest common divisor of x and b.
48
Let n = 22 + -18. Suppose 2*x - 8 = -g, -n*g + 12 = 2*x - 5*g. Suppose x*h - 15 = 0, -i + 2*h + 13 = -0*i. Calculate the highest common divisor of 57 and i.
19
Suppose 4*c - 1028 = -4*w + 4848, -c = 5*w - 1489. Calculate the greatest common factor of c and 48.
24
Let o = 25310 - 24815. What is the highest common factor of o and 3355?
55
Suppose 0 = a + 5*i - 45, -5*i = -2*a + 7*a - 145. Suppose 11 + a = 9*m. What is the highest common factor of 2 and m?
2
Let n = -72 - -720. Suppose -33*g = 28239 - 28833. Calculate the greatest common factor of n and g.
18
Let h(c) = c**2 + 3*c + 2. Let t be h(4). Suppose v + 57 = 4*r + 226, 655 = 4*v + 5*r. What is the highest common divisor of v and t?
15
Let r be 804/(-14) + 124/(-217). Suppose -185 - 79 = -4*c - 4*b, -2*c + 3*b + 147 = 0. Let y = c + r. Calculate the greatest common divisor of y and 22.
11
Let d(b) = b**2 - 2*b - 3. Suppose -7*r = -11 - 24. Suppose -5 = -5*y, -1 = -2*h + r*y + 2. Let s be d(h). Calculate the highest common divisor of 35 and s.
5
Suppose -16 = -4*y + 4*g, 5*y + 3*g - 22 - 22 = 0. Let t be y + ((-720)/6)/(-8). What is the highest common factor of t and 341?
11
Let u be (-20)/(-60) - (-335)/3. Calculate the highest common divisor of 7 and u.
7
Let q(a) = a**3 + 2*a**2 - 7*a - 7. Let m be q(-3). Suppose 0 = 117*o - 116*o - m. What is the highest common factor of 65 and o?
5
Let d be (-9)/(-2)*(-14)/(-21) + 1. Let q(o) = -8*o - d + 25 - 6*o + 16*o. Let h be q(12). Calculate the greatest common factor of h and 9.
9
Suppose 19*d = 24*d + 5*z - 10, 0 = -d + z + 10. What is the greatest common divisor of 147 and d?
3
Suppose -i + 4*p + 6 = 0, 34*p - 12 = -4*i + 38*p. What is the greatest common factor of i and 471?
1
Let b be 6/9*-1 - 337/3. Let t = 197 + b. What is the highest common factor of t and 36?
12
Let l(z) = -z**3 - 12*z**2 + 30*z - 10. Let v be l(-18). Suppose -g - 9*g + 820 = 0. Calculate the highest common divisor of v and g.
82
Let g = -452 - -722. Suppose 2*w = 3*y - 202, 4*y - g = -0*w + 3*w. Calculate the greatest common divisor of y and 88.
22
Let w = 11 + -5. Suppose 2*m + u = -204 + 707, 0 = 2*m - 4*u - 508. What is the highest common divisor of w and m?
6
Let s be (-5186)/14 + (-4)/((-84)/9). Let t = s + 376. Let u(l) = -5*l - 10. Let a be u(-8). Calculate the greatest common divisor of a and t.
6
Suppose 0 = 283*r - 291*r + 160. Suppose o = 6*o - 35. Let i be o/(21/50)*3. What is the highest common factor of i and r?
10
Suppose 7*l - 4*u + 162 = 539, -104 = -2*l + 3*u. Calculate the greatest common factor of l and 352.
11
Suppose 0 = -2*c - 0*z + 5*z + 357, 5*z + 181 = c. Suppose -c = -3*m - 92. Calculate the greatest common divisor of m and 7.
7
Let a = -9951 + 12828. Calculate the greatest common divisor of 126 and a.
21
Let r = 188 - 62. Let w(c) = -c**2 + 70*c + 261. Let a be w(73). What is the greatest common divisor of a and r?
42
Let y(n) = 3 + 5*n**2 + 20*n**2 - n**2 + 2*n - 6*n. Let l be y(3). Calculate the highest common divisor of l and 46.
23
Suppose 0 = 3*y - 5*b - 142, 2*b = 3*y - 7 - 129. Calculate the greatest common divisor of y and 292.
4
Let w be 8 - (-13)/(-65)*-8345. What is the highest common factor of w and 91?
13
Let s be (-2 - 0)*(-40 - 1). Let m(h) = 2*h**3 - 8*h - 28. Let f be m(3). What is the highest common divisor of f and s?
2
Let g = 36 - 34. Let d be ((-8)/(-20) - g)/((-2)/80). Suppose 2*i - a - 28 = 0, 3*i = -i + 4*a + d. What is the greatest common divisor of i and 96?
12
Let x be (1 + 1)*4/8. Suppose -4*i = -2*i + 120. Let p be (-5*i/8)/(x/2). What is the highest common factor of p and 15?
15
Let p(a) = -a**2 - 2*a - 39. Let g be p(0). Let j = 26 - g. Suppose 3*s + 4*h = 55, -5*s + 4*h - h = -53. What is the greatest common divisor of j and s?
13
Suppose 5 = -4*z - 59. Let r be z/20*(-115)/(-2). Let n = -31 - r. What is the greatest common divisor of n and 20?
5
Let s be 1/4*(12 + -12). Suppose -11*t = -3*x - 9*t + 1522, s = -t - 5. What is the highest common factor of x and 56?
56
Let r = 19 + -17. Let l = 22 + r. Let b be -1 - 1*(-1 - 360/3). What is the highest common factor of b and l?
24
Let t be (20/6 + 2)*(-525)/(-100). Calculate the highest common factor of 8 and t.
4
Let m be (4/8)/((6 + -3)/6). Suppose 0*l - 42 = -6*l. Let y be 44/m*((-7)/(-2))/l. What is the highest common factor of 11 and y?
11
Suppose 0 = -2*k - 4*k - 24. Let c be -3 + (-2 - 92*k). Suppose -2*r = -3*q - 54, 4*r - 148 = -3*q - q. What is the highest common divisor of c and r?
33
Suppose 4*c - 20 = 0, 45 = -71*d + 76*d - 4*c. What is the highest common factor of d and 3991?
13
Suppose 2*a = 10, 4*u + 5*a - 334 = 3*a. Suppose 26*y + 22*y - 441 = -y. Calculate the highest common factor of y and u.
9
Let t(v) be the third derivative of -v**6/120 - v**5/12 + 11*v**4/12 - 5*v**3/3 - 94*v**2. Let b be t(-8). What is the highest common factor of 34 and b?
2
Let b = 74 - -7. What is the highest common divisor of 288 and b?
9
Let f(d) = -26*d**2 - 2263*d + 77. Let t be f(-87). What is the highest common factor of 4100 and t?
164
Let d be 4/2*2 - (-150)/15. Suppose m = 5*f - 0*m - 10, -f + 2 = -4*m. What is the greatest common factor of d and f?
2
Suppose -31*t + 28*t = -84. Let a = 31 - t. Suppose -3*p = -w - 0*w + 56, 0 = 3*w + a*p - 168. What is the greatest common divisor of 8 and w?
8
Let z = 4264 + -3483. Calculate the